
-7
What is -5 + (17 - 10) + -1 + -6?
-5
What is the value of -4 + (1 - (-4 - 0)) + -5?
-4
(-3 - (-2 + -4 + 4)) + -1
-2
Evaluate 13 + -13 + 5 + -5.
0
What is the value of (-10 - -3) + (-1 - -7)?
-1
0 + 4 + -6 + 6 + -5
-1
Evaluate 5 - (-8 + 2 - -10).
1
What is -3 + 5 + -7 + (-10 - -14)?
-1
2 - ((1 + 3 - 5) + 2)
1
-4 - (7 + -10 + 4)
-5
Evaluate 2 - (11 + -6 + -3 - 2).
2
(-8 - (0 - 11)) + (-1 - -5)
7
What is the value of -11 - (5 - -2) - -12?
-6
What is the value of 8 - (0 + 5) - (2 + -2)?
3
Calculate 6 + -9 + -4 + 6.
-1
Calculate 1 + (-2 - 3) - -7.
3
-13 - (10 - 19) - (2 - 0)
-6
What is 0 + 3 - 5 - 0 - 3?
-5
Calculate -1 - (1 - (-4 - -2)).
-4
What is the value of 2 + -7 + 0 + -1 - -3?
-3
What is the value of -8 + (2 - -11) - 1?
4
Calculate (1 - 2) + -61 + 55.
-7
What is the value of 7 - (1 - (-2 + 4) - -3)?
5
4 - -3 - 1 - (-1 - -4)
3
What is the value of (2 - (3 + -5)) + -5?
-1
Calculate 3 + 1 + 3 + -3.
4
Evaluate -1 + (2 - 0) + 4 + 0.
5
-8 + (35 - 14) - 3
10
2 + 1 + (6 - 10) - 0
-1
Calculate 0 - (-2 + -5 + 10).
-3
What is the value of 1 - (3 + -1 - 4)?
3
Evaluate (-23 - -29) + (-1 + 4 - 2).
7
Evaluate -9 - (1 + -6 + 1).
-5
Evaluate 1 - 5 - (11 - 11) - -1.
-3
Calculate 0 + -3 + 5 - (-39 - -36).
5
Calculate -4 + (11 - (8 + -4)).
3
What is the value of (-17 - -1) + -36 + 48?
-4
-4 + 0 + 24 + -12
8
Calculate -4 + 0 + 16 + (8 - 14).
6
What is (-2 - (1 - 3) - -1) + -3?
-2
Calculate (-42 - -43) + 1 + 1.
3
What is 8 - (3 - 6 - -8)?
3
Calculate -3 + (9 - 3 - (0 - -1)).
2
Evaluate -14 - -7 - (-7 - -1).
-1
What is the value of 8 + (-7 - 0) + (0 - 0)?
1
What is the value of 5 + 2 + -4 + -50 + 52?
5
What is 5 + (-4 - 1 - -9 - 0)?
9
What is the value of -4 - (2 + (-2 - -2) + -8)?
2
Calculate 11 - 7 - (2 - 0).
2
Calculate -4 + -2 + (5 - -2).
1
7 - (6 - (-5 - -8))
4
4 + 7 - 16 - 2
-7
-1 - (-7 - -9 - (-2 - -1))
-4
What is the value of -4 + 5 - (-5 + 7 + 3)?
-4
What is the value of 2 + -1 + 4 + -7?
-2
0 + -3 + 11 + -10
-2
-17 + 18 + (6 - 0)
7
-1 - (2 - (2 - -6))
5
Evaluate -2 + (5 - -2) + -1.
4
Evaluate -4 + 1 + 3 + -5.
-5
What is (2 - -2 - (-1 + 9)) + -6?
-10
Evaluate 7 + -1 + 0 + (10 - 8).
8
(18 + -7 - -2) + -5
8
What is 2 + (-3 - -5) + 1?
5
Calculate -2 + -1 - (-4 - -2).
-1
Calculate 6 + -7 + (9 - 7).
1
-10 + 16 - (3 + 0)
3
6 - (-2 + -4 + 10 - 5)
7
What is the value of 1 + -2 + (-11 - -6)?
-6
(-1 - 2) + (3 - 4)
-4
Evaluate -4 + (-1 + -8 - -11).
-2
Evaluate 6 - (-8 + 8) - (0 - 0).
6
Calculate (-1 - (3 - 2)) + (-5 - 0).
-7
Calculate -12 + (13 - (-11 + 17)).
-5
What is (-2 - (-7 + -1)) + -11?
-5
Evaluate 1 + (2 + -5 - (-6 - -1)).
3
Evaluate (-10 - (-14 + 12)) + 18.
10
What is the value of 4 + (5 + -12 - -4) + 7?
8
Calculate 0 + -4 + (1 - -7).
4
Evaluate (5 + 2 - (7 + -5)) + -4.
1
4 + 0 + (3 - 9)
-2
Evaluate (19 - 11 - (1 + 5)) + -6.
-4
Calculate 15 + 2 + -73 + 64.
8
Calculate -76 + 72 - (-2 + 0).
-2
What is the value of (-1 - 4) + -5 + 4 + 5?
-1
What is (-4 - -1) + 3 + 1 + -1?
0
What is -32 + 34 - (0 - (1 + 1))?
4
What is 4 - (11 + -6 + -5) - 1?
3
Evaluate 1 + -8 + 13 - 7.
-1
Calculate (5 - -2) + -4 + -6 + -4.
-7
Calculate (-4 - -5 - 4) + (-1 - -9).
5
Evaluate -2 + (10 - 2) - 1.
5
2 + (-3 - 0) - 3
-4
2 - (-5 - (-8 + 4)) - 8
-5
What is the value of -9 + 4 + (-1 - (-1 - 1))?
-4
1 + -3 + 1 + -6 + 0
-7
Calculate 0 + -3 - (5 - (13 - -4)).
9
Evaluate 3 - (1 + 3 + -3) - -2.
4
-3 - (-2 - 6) - 7
-2
Evaluate -25 + 17 - ((-3 - -5) + 0).
-10
Calculate (1 - (-4 + 9)) + 3 + 3.
2
Evaluate 2 - (16 + -10 + -2 + -6).
4
Calculate (-5 - -4 - 1) + (1 - 3).
-4
What is 3 + 2 + -1 + (1 - 4)?
1
What is the value of (-35 - -36) + 0 + -3?
-2
Calculate (-1 - 3) + 4 - -1.
1
-6 + 11 + -8 + 1
-2
What is (-7 - (-10 - -3)) + 0?
0
What is the value of (4 + 8 - 1) + -7?
4
What is 0 + -1 + 16 + -18?
-3
What is the value of 13 - (-2 + 7 + -1 - -2)?
7
What is the value of 4 + 2 + -7 + 0?
-1
Evaluate -1 + 1 - (6 + -1).
-5
What is (9 - ((0 - 0) + 4)) + -6?
-1
Calculate 0 + (-11 - -3) + 5.
-3
Calculate 8 - (6 + -13 - -7).
8
Calculate 5 - (3 + -2 + 3).
1
What is the value of (0 - -6) + -8 - 5 - 2?
-9
What is the value of -4 + (3 - (-1 - 0)) - -4?
4
Calculate (7 - 7 - 6) + 0.
-6
What is the value of -4 + -1 + 5 + -1?
-1
What is the value of 4 + -1 + 0 + 3?
6
2 - ((0 + -5 - 1) + 8)
0
6 + -14 + (1 - -9)
2
What is -4 + (10 - (1 + 5))?
0
What is the value of (3 - 2) + -3 + (2 - 0)?
0
Evaluate 4 - -2 - 4 - 14 - -6.
-6
What is -2 - (-8 - (-13 + (7 - 1)))?
-1
Evaluate (-10 - (-3 + 1)) + -1 + 5.
-4
What is -2 + (2 - -2) + -2 + 6?
6
What is -6 + -7 + 9 + -5 + 0?
-9
(7 - (12 - 8)) + 0
3
Evaluate 10 - (6 - -1) - (9 - 1).
-5
Evaluate (7 - (-1 - -5)) + -9 + 6.
0
What is the value of (-1 - -1) + -4 + -1?
-5
Calculate (-22 - -11 - -13) + (-2 - 0).
0
Evaluate (-3 - 0) + (2 - 1) + 0.
-2
Calculate 2 + -12 + 1 + 4.
-5
What is 0 - (3 + -4 + -3 - -1)?
3
What is -1 - (1 - -1 - 2)?
-1
(2 - -2) + 2 + -2
4
9 + -4 - (9 + 5 + -7)
-2
What is (3 + -4 - -8) + -4?
3
Evaluate 5 + -2 + (1 - 6).
-2
Evaluate 2 + (3 - 1) - 5.
-1
What is the value of 8 - ((3 - 5) + 2 + 4)?
4
(3 + -2 - 3) + 9 + -1
6
Evaluate -5 + (-16 - -27) + (-15 - 1).
-10
What is 32 + -35 + 0 + 3 + 0?
0
What is 4 - ((1 - (7 + -2)) + 12)?
-4
What is 3 + (6 - 19) - -5?
-5
What is (-19 - -11) + -2 - -12?
2
Calculate 4 - (-8 - -13) - -7.
6
Evaluate 18 + -6 - (0 + -1 - -6).
7
Calculate 4 - (-4 + 12) - -2.
-2
What is the value of 0 + 2 + 2 + 0?
4
What is the value of 4 + (-1 + -2 - (17 - 19))?
3
What is -2 + 2 + (5 + -6 - -6)?
5
(-5 - 0) + (1 - -1 - 1)
-4
(-11 - -3) + 23 + 3 - 8
10
Evaluate -3 - 2 - (-5 - (-7 - -5)).
-2
What is (-4 - -8 - 4) + 1?
1
What is the value of -18 + 22 + 0 + (2 - 1)?
5
What is -8 - ((-2 - (-10 + 4)) + -10)?
-2
What is (1 - (-3 - (-6 - -7))) + 0?
5
Evaluate 13 + ((-1 - 9) + 3 - -1).
7
Calculate -8 + 15 + (-7 - 4).
-4
4 - 12 - (-5 - -3)
-6
What is the value of 14 + (-4 - 1) - 6?
3
Calculate 0 - -2 - (-60 - -67).
-5
Evaluate (2 - 2 - (4 + -2)) + 1.
-1
Evaluate 3 + (4 - 0 - 12) + 4.
-1
What is the value of 2 + (0 - 1) - (3 + -1)?
-1
What is 0 - (8 + (-14 - -8))?
-2
Evaluate 9 - (-4 + 13 + -4).
4
What is the value of -16 - -19 - (0 - -3)?
0
What is 5 - (18 - (7 - 0))?
-6
Calculate 2 - -3 - (3 + 0).
2
Calculate (6 - 11) + (1 - -9).
5
0 - (13 + -15 - (-2 + 5))
5
What is (-6 - (-2 - 1)) + 3?
0
Evaluate 6 - 5 - (-3 + (12 - 3)).
-5
What is the value of (4 - 11) + -3 + 5 + 10?
5
Evaluate (3 + -1 - 7 - -1) + 4.
0
Calculate (0 - 1) + 5 + (1 - 1).
4
What is the value of -15 + (3 - -8) - -7?
3
-11 + 4 + (-5 - -6)
-6
What is 5 - 1 - 4 - (0 - 1)?
1
What is the value of -3 + (-6 - -12) + 3 - -1?
7
Evaluate (-5 + 5 - 3) + 7 + -1.
3
What is the value of 0 - (-3 + 6 - 4)?
1
Calculate 7 - (9 + -1 + 1).
-2
Calculate 20 + -25 + (-6 - -12).
1
Evaluate (-4 - 5) + 10 + (1 - -1).
3
What is -3 - (0 + -4 + 2 + -2)?
1
What is -4 + 3 + 4 + (-14 - -10)?
-1
What is (6 + -7 - -7) + -6?
0
0 + 3 + -2 + -2
-1
Calculate (-8 - -4) + (1 - (-1 + -7)).
5
Calculate -9 + -3 + 9 + 2 + -1.
-2
Calculate (5 + -7 - (0 - -2)) + 2.
-2
What is the value of 3 + -9 + 5 + 1?
0
What is 1 - (5 + 0 + (5 - 8))?
-1
What is the value of (2 - (0 - -1) - 4) + 0?
-3
What is the value of -2 + (-11 - -11) + (-5 - -1)?
-6
What is (12 - 1) + 1 - 5?
7
Evaluate 1 - (-5 - -2 - (-11 + 3)).
-4
What is -8 + -3 + -2 + 6 - -1?
-6
What is 2 - -1 - (7 + -6)?
2
8 + -1 + (6 - 19)
-6
What is the value of (-8 - -1) + 20 + -17?
-4
Calculate (-24 - -26) + (-2 + -3 - -3).
0
Calculate -1 - (3 + (-6 - -1) + 4).
-3
What is (-30 - -28) + (2 - 0) + -2?
-2
6 + 1 + -9 + 4
2
Evaluate -5 - 1 - (-1 + 2 + -4).
-3
What is -2 - (-1 + 7 - (36 - 33))?
-5
Calculate (6 + 7 - 4) + -2.
7
What is (-5 - (0 + 1)) + 487 + -482?
-1
What is the value of -11 + 14 + -10 + 7?
0
0 + 1 + (-7 - -12)
6
What is 2 + (-1 - (3 + -7))?
5
Calculate 1 + (-6 - -2) + 4.
1
What is the value of -10 - (1 - 20) - 6?
3
What is (5 - (2 - -5)) + 2?
0
Evaluate 2 - -3 - (2 + 1).
2
Evaluate 5 + (-4 - (1 - 4)) + -4.
0
What is the value of (3 - 1) + -3 + -2?
-3
What is the value of 1 - (-3 + 5 + 0)?
-1
What is the value of 1 + (-7 - (-1 + -2)) + 0?
-3
What is (1 + -1 - 6) + 1?
-5
What is the value of -1 - (-2 + 11 + 2 + -5)?
-7
What is the value of 1 - 1 - (-16 - (-14 + -3))?
-1
Calculate (6 - 15) + 2 + -2 + 7.
-2
What is -1 + 20 - (1 + 9)?
9
What is -7 - 2 - (-39 - -33)?
-3
What is 